of 3142150848?
4
What is the millions digit of 148338029?
8
What is the ten thousands digit of 14961535?
6
What is the tens digit of 681769714?
1
What is the thousands digit of 228566414?
6
What is the ten thousands digit of 1338940787?
4
What is the hundreds digit of 85977757?
7
What is the hundred thousands digit of 533041517?
0
What is the millions digit of 10328247?
0
What is the hundred thousands digit of 49908894?
9
What is the millions digit of 74496172?
4
What is the hundred thousands digit of 172289563?
2
What is the hundred thousands digit of 7383602?
3
What is the hundred thousands digit of 109669526?
6
What is the hundreds digit of 633983804?
8
What is the hundred millions digit of 331365763?
3
What is the units digit of 702323689?
9
What is the tens digit of 58492642?
4
What is the hundreds digit of 646630849?
8
What is the ten thousands digit of 10004131?
0
What is the ten millions digit of 120323383?
2
What is the hundred thousands digit of 16693171?
6
What is the hundreds digit of 62821612?
6
What is the hundred thousands digit of 139906918?
9
What is the hundreds digit of 299614059?
0
What is the tens digit of 2393468974?
7
What is the thousands digit of 1866568471?
8
What is the millions digit of 91597722?
1
What is the units digit of 75853109?
9
What is the ten thousands digit of 5388651848?
5
What is the hundred thousands digit of 1451567342?
5
What is the hundreds digit of 734294273?
2
What is the ten millions digit of 90798918?
9
What is the hundred thousands digit of 2278888640?
8
What is the hundred thousands digit of 240391485?
3
What is the ten thousands digit of 1965417207?
1
What is the hundred thousands digit of 611346763?
3
What is the ten thousands digit of 13666412?
6
What is the millions digit of 383058571?
3
What is the hundred millions digit of 231420743?
2
What is the hundred millions digit of 183242138?
1
What is the hundreds digit of 284335557?
5
What is the ten thousands digit of 3628129659?
2
What is the units digit of 4125010573?
3
What is the ten millions digit of 15144819?
1
What is the hundreds digit of 4124258017?
0
What is the hundreds digit of 110961867?
8
What is the hundreds digit of 35129861?
8
What is the thousands digit of 4416337278?
7
What is the ten millions digit of 1318682393?
1
What is the tens digit of 3174259770?
7
What is the units digit of 25061108?
8
What is the hundreds digit of 351565862?
8
What is the ten millions digit of 1033465725?
3
What is the hundred thousands digit of 276421175?
4
What is the tens digit of 2676688887?
8
What is the millions digit of 567031880?
7
What is the thousands digit of 367380041?
0
What is the hundred millions digit of 2155213124?
1
What is the tens digit of 373357797?
9
What is the ten thousands digit of 4423666298?
6
What is the tens digit of 296607911?
1
What is the hundred millions digit of 676490219?
6
What is the ten thousands digit of 74755818?
5
What is the thousands digit of 9197012?
7
What is the millions digit of 55513493?
5
What is the thousands digit of 52154443?
4
What is the hundred millions digit of 288771299?
2
What is the units digit of 181113840?
0
What is the tens digit of 42467768?
6
What is the ten thousands digit of 93295693?
9
What is the tens digit of 19033925?
2
What is the millions digit of 89141849?
9
What is the units digit of 746711836?
6
What is the ten millions digit of 71613014?
7
What is the tens digit of 40830546?
4
What is the tens digit of 5650763098?
9
What is the ten millions digit of 647588241?
4
What is the tens digit of 5093141552?
5
What is the millions digit of 10687594?
0
What is the ten millions digit of 3659563801?
5
What is the hundred millions digit of 1468612701?
4
What is the millions digit of 13455569?
3
What is the units digit of 159640874?
4
What is the ten thousands digit of 135257343?
5
What is the ten thousands digit of 53865424?
6
What is the ten millions digit of 41624925?
4
What is the hundred thousands digit of 72072293?
0
What is the hundreds digit of 83126480?
4
What is the tens digit of 150009563?
6
What is the hundred thousands digit of 620682849?
6
What is the hundred thousands digit of 41410181?
4
What is the ten thousands digit of 1704441412?
4
What is the millions digit of 1049060841?
9
What is the units digit of 284423765?
5
What is the thousands digit of 906453967?
3
What is the units digit of 267506527?
7
What is the thousands digit of 1344943610?
3
What is the ten thousands digit of 5401517?
0
What is the tens digit of 4338778344?
4
What is the thousands digit of 142386243?
6
What is the millions digit of 287256425?
7
What is the thousands digit of 275065061?
5
What is the tens digit of 3086551634?
3
What is the ten millions digit of 2030245445?
3
What is the tens digit of 119773321?
2
What is the hundreds digit of 86323?
3
What is the millions digit of 33237916?
3
What is the hundred thousands digit of 58809033?
8
What is the thousands digit of 1496684668?
4
What is the hundred thousands digit of 1349494630?
4
What is the hundreds digit of 758356069?
0
What is the hundred thousands digit of 659007899?
0
What is the tens digit of 159223005?
0
What is the thousands digit of 30283542?
3
What is the thousands digit of 85844582?
4
What is the millions digit of 890455806?
0
What is the hundreds digit of 25069523?
5
What is the ten millions digit of 114224289?
1
What is the ten millions digit of 121402447?
2
What is the tens digit of 5250866985?
8
What is the tens digit of 47249261?
6
What is the tens digit of 816978495?
9
What is the units digit of 811667456?
6
What is the hundred millions digit of 3418647678?
4
What is the ten millions digit of 75473758?
7
What is the tens digit of 258398801?
0
What is the hundreds digit of 76063527?
5
What is the hundred thousands digit of 59630056?
6
What is the hundreds digit of 834394?
3
What is the hundred thousands digit of 397529487?
5
What is the millions digit of 446549763?
6
What is the units digit of 395939887?
7
What is the hundred millions digit of 6458489548?
4
What is the tens digit of 67128616?
1
What is the billions digit of 2647926620?
2
What is the millions digit of 1322764926?
2
What is the units digit of 45150693?
3
What is the billions digit of 8898597806?
8
What is the hundred thousands digit of 184758257?
7
What is the thousands digit of 8693551?
3
What is the units digit of 16185423?
3
What is the ten thousands digit of 28306204?
0
What is the tens digit of 4931215083?
8
What is the thousands digit of 25771754?
1
What is the millions digit of 376843636?
6
What is the hundreds digit of 1456?
4
What is the hundred thousands digit of 1734734575?
7
What is the millions digit of 1836091833?
6
What is the hundred millions digit of 4952952668?
9
What is the hundreds digit of 1910800761?
7
What is the hundred thousands digit of 1048801361?
8
What is the hundred millions digit of 1431118317?
4
What is the hundred thousands digit of 28371282?
3
What is the ten thousands digit of 312744561?
4
What is the units digit of 862880124?
4
What is the thousands digit of 641262497?
2
What is the hundred thousands digit of 63915393?
9
What is the millions digit of 523782084?
3
What is the units digit of 4585399562?
2
What is the units digit of 261363693?
3
What is the hundred thousands digit of 557080273?
0
What is the ten millions digit of 1979193053?
7
What is the millions digit of 120765313?
0
What is the hundreds digit of 178363259?
2
What is the hundred thousands digit of 96705728?
7
What is the units digit of 85101989?
9
What is the ten millions digit of 32631501?
3
What is the hundred thousands digit of 12149716?
1
What is the hundreds digit of 247765695?
6
What is the hundred thousands digit of 813693977?
6
What is the billions digit of 1389053526?
1
What is the thousands digit of 79203557?
3
What is the hundred thousands digit of 36692441?
6
What is the hundred millions digit of 289947642?
2
What is the thousands digit of 275183508?
3
What is the thousands digit of 81067515?
7
What is the thousands digit of 46642002?
2
What is the ten thousands digit of 360842068?
4
What is the millions digit of 2870650333?
0
What is the tens digit of 890251225?
2
What is the hundred thousands digit of 28445837?
4
What is the ten millions digit o